-406)/4*12/(-14). Suppose 0 = -0*h - 4*h. Let n be u/3 - (-1 - h). Calculate the greatest common divisor of n and 15.
15
Let s = -180 + 252. Suppose -2*t + 49 = 13. What is the greatest common factor of s and t?
18
Let c(a) = -58*a**2 - 7*a - 16. Let j be c(-3). Let k = j + 670. Calculate the highest common factor of k and 357.
51
Suppose -20*k = -33*k + 35464. Suppose 5*z - k = v, 0 = -3*z + 4*v + 1526 + 104. Calculate the greatest common divisor of 78 and z.
78
Let k = 18 - 15. Suppose -46 + 422 = k*g - r, -5*g = -4*r - 622. Let x be 4*(-2)/12*-27. Calculate the highest common divisor of g and x.
18
Let p be (3 - (-675 - 4)) + 1 + 3. Calculate the highest common divisor of 147 and p.
49
Let d be (8/9)/(4888/(-234) + 21). Calculate the greatest common divisor of d and 1048.
8
Let m = -9 + 49. Let f be (m/12)/((-2)/(-96)) - 0. What is the highest common factor of f and 240?
80
Let f be (-13482)/(-72) + 1/(-4). Let l = 191 - f. Suppose -3*b = j - 16, 4*j - 15 = b + 23. Calculate the greatest common divisor of l and j.
2
Let x = 140 - 154. Let t be (-5)/((-10)/x)*-1. Calculate the greatest common factor of 805 and t.
7
Let i be (-20)/9 + 2 + (-112)/(-18). Let l(m) = m - 12. Let q(d) = -d + 30. Let c be q(12). Let w be l(c). What is the greatest common factor of i and w?
6
Suppose 2*p = -1 + 43. Let a = -38 + 41. Calculate the highest common divisor of a and p.
3
Suppose 73*i - 78*i + 568 = 2*l, -2*l = -i + 104. Let r be 81/(-324) + 85/4. What is the greatest common factor of r and i?
7
Let f = 10 + 22. Let g(q) = -q**2 - 13*q + 122. Let r be g(-19). Calculate the greatest common divisor of f and r.
8
Suppose 1519 = -8*j + 15*j. Let s(k) = -5*k - 11. Let i be s(-15). Let m = i - 33. What is the highest common divisor of j and m?
31
Suppose 5*o + 4*l - 14 = 295, 4*o + l = 245. Let n = -152233 - -153392. Calculate the highest common factor of o and n.
61
Let q be (-7)/(0 + (-2)/16). Let w = -523 - -547. What is the highest common divisor of q and w?
8
Suppose 255210 + 11408 = 10*u - 155782. Calculate the highest common factor of u and 176.
176
Suppose -4*y = -5*t + 374, -2*t = y - 17 - 130. Let d be 6 - 2/((-48)/(-40))*(3 - 66). What is the highest common factor of d and t?
37
Suppose 44 = l - b, 5*l - 74*b + 72*b = 205. What is the highest common factor of l and 147?
3
Let y = -1436 - -1457. Let a = -619 - -1270. Calculate the greatest common factor of y and a.
21
Let x(c) = 18*c**3 - 287*c**2 - 14*c - 12. Let s be x(16). Let f(a) = -a**2 + 370. Let g be f(0). Calculate the highest common divisor of s and g.
10
Let a = 1608 + -293. What is the greatest common divisor of a and 5?
5
Suppose 14*r - 737 - 478 = 269. What is the highest common factor of 530 and r?
106
Let u(g) = 8*g**3 - 80*g**2 + 14. Let t be u(10). Calculate the highest common factor of 1113 and t.
7
Suppose -w - 4*w = 0. Let h = 1643 + -1231. Suppose -4*d = -s + h, -3*s + w*d + 1161 = 3*d. What is the highest common factor of 49 and s?
49
Suppose 10*p = -3*k + 5*p + 5306, 3 = 3*p. What is the greatest common divisor of k and 38?
19
Let b = -248 - -271. Suppose 0 = -12*i + 10*i + 3*y + b, -5*y - 45 = -5*i. Calculate the highest common divisor of i and 3.
1
Let b be (90/27)/((-8)/36). Let d be 3 - -1 - (-6)/b*-545. What is the greatest common divisor of 74 and d?
74
Let s be 75 + (1 - (0 - -2)). Let m be (6 + 78)/(-42)*-2. Calculate the highest common divisor of s and m.
2
Suppose 3*d - 4*x = 87 + 309, -2*d = 2*x - 222. Calculate the highest common factor of 87 and d.
3
Suppose -9*b + 352 = -7*b. Let o(r) = r**2 + 8*r - 15. Let k be o(-10). Suppose k = -w + 27. What is the greatest common divisor of w and b?
22
Suppose 0 = -2*r + 25 - 17. Suppose r*z + 1 + 7 = 0. Let n(x) = -7*x**3 - 4*x**2 - 4*x - 3. Let v be n(z). What is the greatest common divisor of 30 and v?
15
Suppose -10*c = -83 - 147. Let g(d) = -2*d**2 + 49*d - 54. Let x be g(c). Calculate the greatest common factor of x and 25.
5
Let l(j) = -j**2 + 128*j - 1743. Let z be l(112). Calculate the greatest common divisor of 112 and z.
7
Let s(t) = 2*t**2 - 18*t + 4. Let w = -13 + 24. Let b be s(w). What is the greatest common divisor of b and 80?
16
Let j be ((-3)/(-2))/((-13)/1248). Let u = 270 + j. What is the highest common factor of 54 and u?
18
Let g be ((-18)/(-4))/((-2)/(-4)). Let d be 4/g*72/16. Suppose -p + 4*h + 5 = d*h, 0 = 5*h - 15. What is the greatest common factor of 11 and p?
11
Let h(t) = 7*t + 1. Let k be h(5). Suppose -31*i - 15 = -k*i. Calculate the greatest common divisor of i and 21.
3
Let r be 292 - (27/(-135) - 1/(-5)). Calculate the highest common divisor of r and 16.
4
Suppose 0 = 2*g + 3 + 7. Let i be (-1 + 0)*5*(-6)/g. Let u(l) = -4*l + 8. Let c be u(i). Calculate the greatest common factor of c and 48.
16
Let k = 52 - 30. Let i(s) = -3 - s**2 - 21*s - k + 4*s + 4. Let u be i(-11). What is the greatest common factor of 9 and u?
9
Suppose 21 = 5*k - 2*k. Let o(t) = 13*t - 32. Let i be o(0). Let u be (-1112)/i - 4/(-16). What is the greatest common factor of k and u?
7
Let z(m) = 1287*m - 2740. Let o be z(9). What is the greatest common factor of o and 717?
239
Let y = -632 - -634. Let l = -154 + 218. Calculate the greatest common divisor of l and y.
2
Let l(i) = -13*i**2 + 78*i + 14. Let g be l(6). Suppose -4*f - 3 = z, -5*z + 49 = 18*f - g*f. Calculate the greatest common divisor of 325 and z.
13
Let o(m) = m**2 - 19*m + 90. Let k be o(22). Let p be (2 + 1 - 5) + (k - 7). Calculate the greatest common factor of p and 21.
21
Let o be (1 + -3)/((-22)/(-1067)). Let z = 214 + o. Calculate the highest common divisor of z and 26.
13
Suppose 4*v - 2*v - 3*o = 870, -5*v + 5*o + 2185 = 0. Let t be (-943)/(-15) + 40 + 8970/(-225). Calculate the greatest common factor of t and v.
63
Let p(i) = i**3 + 3*i**2 + i + 5. Suppose 2*y = x - 54, 209 = 3*x - y + 32. Let j = x + -63. Let q be p(j). What is the highest common divisor of q and 2?
2
Let f(w) = -3*w + 3. Suppose 5*c = -5*c - 40. Let p be f(c). What is the highest common factor of p and 30?
15
Let k = -20210 + 20621. What is the highest common factor of 87 and k?
3
Suppose 5*d = 10, b - 2*d = 4*b - 31498. Calculate the highest common factor of 58 and b.
58
Suppose 0 = -84*o + 82*o - 2*v + 38, 5*o + 4*v - 89 = 0. Calculate the greatest common divisor of o and 2.
1
Suppose -2*j + 198 = 3*z, 5*j = -5*z - 9*j + 362. Calculate the highest common factor of 6016 and z.
64
Let g be ((-500)/(-15))/(2 - 32/18). Suppose 18*j = 84 + g. Calculate the highest common divisor of j and 52.
13
Suppose 4*k + 16*j = 17*j + 313, 3*k + 2*j - 221 = 0. What is the greatest common factor of k and 319?
11
Let j(m) = 51*m + 849. Let c be j(-16). Suppose 2*u - 37 = 5*x, 2*u - 4 = x + 13. What is the highest common divisor of u and c?
3
Let q(o) = 7*o**2 + 347*o - 37. Let y be q(-53). Calculate the highest common factor of y and 780.
65
Suppose 3*l - 4*l = u - 37, 5*l = 0. Let g be (108/72)/(1/2). Suppose 19 + u = g*x - 2*t, 4*x = 2*t + 74. What is the greatest common factor of 18 and x?
18
Suppose t - 7*a + 9 = -10*a, 0 = -t - a - 3. Suppose t = -5*g - 7*g + 8880. What is the highest common divisor of g and 10?
10
Let o(h) = 5*h + 74. Let r be o(6). Suppose 0 = -4*p - 4*x + r, 3*p + 7 = -2*x + 89. What is the highest common factor of p and 135?
15
Suppose -a + 104 = 3*a. Let o(p) = -90*p - 1992. Let w be o(-23). What is the greatest common divisor of w and a?
26
Let a be (1 + -2)/(-5 - (-1768)/354). Suppose a = v + 3*o, o = -5 + 7. What is the greatest common divisor of v and 9?
9
Suppose 16*n - 15*n - 4*g = 638, -3140 = -5*n - 5*g. Calculate the greatest common factor of n and 6720.
210
Let n be -1*(-6 - (3 - 8)). Let b be (0 - n)*((-54)/3)/6. What is the highest common factor of 6 and b?
3
Let g be -1 - (0/(-6) - 1) - 96/(-12). Let t be 27 + -1 + 3 + -1. Calculate the highest common divisor of g and t.
4
Let s be 18/675*-15*1/(2/(-390)). Calculate the highest common divisor of s and 2626.
26
Let i(w) = 3*w**2 - 168*w + 17. Let s be i(56). Calculate the greatest common factor of 5 and s.
1
Let x(h) = -h**3 - 13*h**2 + 23*h + 166. Let n be x(-14). Calculate the highest common factor of 475 and n.
5
Let g be 6 - 20*(-336)/32. Calculate the highest common divisor of g and 72.
72
Let g